{"id":86,"date":"2025-05-26T08:24:02","date_gmt":"2025-05-26T08:24:02","guid":{"rendered":"https:\/\/wasseristleben.or.at\/?page_id=86"},"modified":"2025-07-09T22:22:49","modified_gmt":"2025-07-09T22:22:49","slug":"drinking-water-project-deutsch","status":"publish","type":"page","link":"https:\/\/wasseristleben.or.at\/?page_id=86&lang=de","title":{"rendered":"Trinkwasser Projekt &#8211; Deutsch"},"content":{"rendered":"\n<p>Sauberes und trinkbares Wasser f\u00fcr alle<br>Unser Wasserprojekt in Umuokpoko, Isu LGA, Imo State in Nigeria.<br>Die Welt hat gro\u00dfe Fortschritte in der Entwicklung gemacht, aber f\u00fcr einige Gemeinden scheint sich das Leben r\u00fcckw\u00e4rts zu bewegen. In Orten wie Umuokpoko bringt jeder Tag neue Entbehrungen mit sich, und Hoffnung scheint ein Luxus zu sein, es sei denn, jemand entschlie\u00dft sich, aufzustehen und etwas zu ver\u00e4ndern.<\/p>\n\n\n\n<p><br>Als ich in meinem Dorf aufwuchs, kannte ich nur Entbehrungen. Wir holten Wasser aus einem nahen gelegenen Teich, tr\u00fcbes, schlammiges Wasser, das wir unbedingt benutzen mussten. Wir lie\u00dfen den Schmutz absetzen und benutzten es dann f\u00fcr alles: zum W\u00e4schewaschen, Baden, Kochen und sogar zum Trinken. Das Regenwasser von den Zinkd\u00e4chern wurde in speziellen Beh\u00e4ltern zum Trinken aufbewahrt, aber niemand stellte jemals die Sicherheit in Frage. Wir wussten es nicht besser, und viele wissen es auch heute noch nicht, weil sie keine andere M\u00f6glichkeit haben.<\/p>\n\n\n\n<p><br>Jahre sp\u00e4ter verlie\u00df ich mein Zuhause. Ich habe eine Ausbildung gemacht, bin ins Ausland gereist und habe gesehen, was sauberes Wasser f\u00fcr ein Leben bedeuten kann. Doch als ich nach Jahrzehnten wieder nach Hause kam, war ich sehr betroffen. Der Teich, auf den wir uns einst verlassen hatten, war ausgetrocknet. Meine Mutter trank immer noch verunreinigtes Wasser und hatte dadurch schmerzhafte Ausschl\u00e4ge bekommen. Ich begann, ihr Geld zu schicken, um sauberes Wasser zu kaufen. Diese kleine Tat bewahrte sie vor weiterem Schaden.<\/p>\n\n\n\n<p><br>Im Jahr 2018 habe ich sie verloren.<br>Ihr Tod hinterlie\u00df eine Frage, die in meinem Kopf nachhallte:<br>\u201eWenn du deine eigene Mutter mit sauberem Wasser versorgen kannst, was ist dann mit denen, die niemanden haben?\u201c<\/p>\n\n\n\n<p><br>Diese Frage l\u00f6ste den Traum aus, ein Bohrloch in Umuokpoko zu bauen. Aber Tr\u00e4ume allein ver\u00e4ndern das Leben nicht. Die Verwirklichung dieser Vision erwies sich als schwieriger, als ich es mir vorgestellt hatte. Gemeinsam mit einem Kollegen suchte ich nach einer Organisation, die mir helfen k\u00f6nnte, aber ohne die richtigen Kontakte schienen mir alle T\u00fcren verschlossen.<br>Dennoch weigere ich mich, aufzugeben. Denn jeder Mensch verdient den Zugang zu etwas so Grundlegendem und Lebenswichtigem wie sauberem Wasser.<\/p>\n\n\n\n<p>Ihre Unterst\u00fctzung kann einer ganzen Gemeinde sauberes Wasser bringen.<br>Lassen Sie uns daf\u00fcr sorgen, dass niemand mehr f\u00fcr etwas so Einfaches wie einen Schluck Wasser leiden oder sterben muss.<\/p>\n\n\n\n<p><strong>Unsere Ziele:<\/strong><\/p>\n\n\n\n<p>Sicherstellen, dass die Menschen im Dorf mit sauberem Wasser versorgt werden, indem ein Bohrloch gebohrt wird und ein nachhaltiger Zugang zu Wasser f\u00fcr l\u00e4ndliche Gemeinden geschaffen wird.<\/p>\n\n\n\n<p><\/p>\n\n\n\n<p>Sicherstellen, dass das Bohrloch ordnungsgem\u00e4\u00df gewartet wird, hygienisch einwandfrei ist und f\u00fcr die n\u00e4chsten zehn Jahre Bestand hat. Die ganze Arbeit w\u00e4re umsonst, wenn das Material nicht immer dem Standard entsprechend gewartet wird.<br>Dieses Projekt wird auch auf andere Nachbard\u00f6rfer ausgedehnt und soll Arbeitspl\u00e4tze f\u00fcr junge Leute und Frauen in den Gebieten schaffen.<\/p>\n\n\n\n<p><strong>Warum ist Ihre Unterst\u00fctzung so wichtig?<\/strong><\/p>\n\n\n\n<p><br>Jeder sollte Zugang zu Trinkwasser haben. In Umuokpoko in Nigeria leiden viele Menschen unter der Wasserknappheit und dem Mangel an sauberem Wasser, was zu Krankheiten f\u00fchrt und das Leben schwer macht. Ihre Spende wird das Leben vieler Menschen ver\u00e4ndern und dazu beitragen, ihre Gesundheit zu verbessern und ihnen eine bessere Zukunft zu erm\u00f6glichen.<\/p>\n\n\n\n<p><strong>Spende f\u00fcr einen Brunnen in Umuopoko!<\/strong><\/p>\n\n\n\n<p><br>Jede Spende z\u00e4hlt. Kein Betrag ist zu klein.<br>Gemeinsam k\u00f6nnen wir das Leben vieler Menschen in Umuokpoko ver\u00e4ndern.<br>Vielen Dank im Voraus f\u00fcr Ihre Unterst\u00fctzung<\/p>\n\n\n\n<p><br>Name: Wasser ist Leben: Gemeinsamer Brunnenbau<br>Bankverbindung: IBAN: AT88 2011 1854 1933 9300<br>BIC: GIBAATWWXXX<br><\/p>\n\n\n\n<p>Kontakt: <\/p>\n\n\n\n<p>+436764055811<\/p>\n\n\n\n<p>Email: <\/p>\n\n\n\n<p>organisation@wasseristleben.or.at<\/p>\n\n\n\n<p>Gr\u00fcnder: <\/p>\n\n\n\n<p>Canice Nwaiwu\/ Elvis Nwosu<\/p>\n\n\n\n<p>Vereinsidentifikationsnummer: <\/p>\n\n\n\n<p>ZVR-Zahl: 1447379902<\/p>\n\n\n\n<p><\/p>\n","protected":false},"excerpt":{"rendered":"<p>Sauberes und trinkbares Wasser f\u00fcr alleUnser Wasserprojekt in Umuokpoko, Isu LGA, Imo State in Nigeria.Die Welt hat gro\u00dfe Fortschritte in der Entwicklung gemacht, aber f\u00fcr einige Gemeinden scheint sich das Leben r\u00fcckw\u00e4rts zu bewegen. In Orten wie Umuokpoko bringt jeder Tag neue Entbehrungen mit sich, und Hoffnung scheint ein Luxus zu sein, es sei denn, &hellip; <\/p>\n<p class=\"link-more\"><a href=\"https:\/\/wasseristleben.or.at\/?page_id=86&#038;lang=de\" class=\"more-link\">Continue reading<span class=\"screen-reader-text\"> &#8220;Trinkwasser Projekt &#8211; Deutsch&#8221;<\/span><\/a><\/p>\n","protected":false},"author":2,"featured_media":0,"parent":0,"menu_order":0,"comment_status":"closed","ping_status":"closed","template":"","meta":{"footnotes":""},"class_list":["post-86","page","type-page","status-publish","hentry"],"_links":{"self":[{"href":"https:\/\/wasseristleben.or.at\/index.php?rest_route=\/wp\/v2\/pages\/86","targetHints":{"allow":["GET"]}}],"collection":[{"href":"https:\/\/wasseristleben.or.at\/index.php?rest_route=\/wp\/v2\/pages"}],"about":[{"href":"https:\/\/wasseristleben.or.at\/index.php?rest_route=\/wp\/v2\/types\/page"}],"author":[{"embeddable":true,"href":"https:\/\/wasseristleben.or.at\/index.php?rest_route=\/wp\/v2\/users\/2"}],"replies":[{"embeddable":true,"href":"https:\/\/wasseristleben.or.at\/index.php?rest_route=%2Fwp%2Fv2%2Fcomments&post=86"}],"version-history":[{"count":11,"href":"https:\/\/wasseristleben.or.at\/index.php?rest_route=\/wp\/v2\/pages\/86\/revisions"}],"predecessor-version":[{"id":112,"href":"https:\/\/wasseristleben.or.at\/index.php?rest_route=\/wp\/v2\/pages\/86\/revisions\/112"}],"wp:attachment":[{"href":"https:\/\/wasseristleben.or.at\/index.php?rest_route=%2Fwp%2Fv2%2Fmedia&parent=86"}],"curies":[{"name":"wp","href":"https:\/\/api.w.org\/{rel}","templated":true}]}}